factor of 3696256?
False
Is 821 a factor of 3729803?
True
Is 147 a factor of 2330510?
False
Is 814 a factor of 136395?
False
Does 131 divide 7255100?
False
Does 200 divide 157158?
False
Does 12 divide 10138970?
False
Is 2285364 a multiple of 22?
False
Does 19 divide 153482?
True
Does 4 divide 5292124?
True
Does 7 divide 4773760?
False
Is 133 a factor of 174757?
False
Is 7945 a multiple of 2?
False
Is 75 a factor of 240000?
True
Does 59 divide 148267?
True
Is 1958319 a multiple of 131?
True
Is 249939 a multiple of 100?
False
Is 173179 a multiple of 167?
True
Is 342 a factor of 1752750?
True
Does 23 divide 2762369?
True
Is 2240035 a multiple of 1561?
True
Is 16 a factor of 1959952?
True
Does 2 divide 78280?
True
Is 3336250 a multiple of 10?
True
Is 8518664 a multiple of 26?
False
Is 8550105 a multiple of 65?
False
Is 22301737 a multiple of 1280?
False
Is 159333 a multiple of 94?
False
Is 46991 a multiple of 137?
True
Is 7098941 a multiple of 691?
False
Is 5 a factor of 129880?
True
Is 1944929 a multiple of 119?
False
Is 1732627 a multiple of 20?
False
Is 2 a factor of 18555?
False
Is 14 a factor of 1246246?
False
Does 16 divide 219944?
False
Is 91 a factor of 295000?
False
Does 223 divide 178127?
False
Is 1672893 a multiple of 19?
True
Is 7008239 a multiple of 94?
False
Is 13 a factor of 5720693?
False
Is 24 a factor of 927440?
False
Is 120731 a multiple of 7?
False
Is 11 a factor of 17975631?
False
Does 38 divide 83985?
False
Is 632 a factor of 1530861?
False
Is 939 a factor of 841344?
True
Is 12 a factor of 52711?
False
Does 136 divide 2403800?
True
Is 90792 a multiple of 30?
False
Does 9 divide 158447?
False
Is 33 a factor of 21516825?
True
Is 9 a factor of 35946?
True
Is 107255 a multiple of 38?
False
Does 12 divide 1745352?
True
Is 1059 a factor of 7639626?
True
Is 4652732 a multiple of 15?
False
Is 228960 a multiple of 6?
True
Is 306 a factor of 85847?
False
Is 5998634 a multiple of 15?
False
Is 80 a factor of 11532?
False
Is 34018 a multiple of 146?
True
Does 145 divide 5323675?
True
Does 915 divide 559980?
True
Is 337 a factor of 251065?
True
Is 64110 a multiple of 129?
False
Does 451 divide 1647052?
True
Is 607591 a multiple of 15?
False
Is 69215 a multiple of 457?
False
Does 8 divide 916?
False
Is 489 a factor of 515400?
False
Is 28 a factor of 96167?
False
Is 195221 a multiple of 45?
False
Is 2690710 a multiple of 15?
False
Does 11 divide 1012176?
True
Is 5838005 a multiple of 1121?
False
Is 82 a factor of 4584892?
False
Is 10530143 a multiple of 767?
True
Does 5 divide 65?
True
Is 98 a factor of 1515668?
True
Does 19 divide 6542305?
False
Is 12 a factor of 107349?
False
Does 319 divide 323002?
False
Is 130 a factor of 6212440?
True
Is 58581 a multiple of 14?
False
Does 286 divide 56746?
False
Does 3 divide 14655?
True
Does 354 divide 210451?
False
Does 6 divide 1069323?
False
Does 251 divide 34711794?
True
Does 234 divide 476955?
False
Is 266 a factor of 122360?
True
Does 13 divide 221252?
False
Does 112 divide 7855344?
True
Is 817880 a multiple of 22?
False
Is 91933 a multiple of 5?
False
Is 34 a factor of 2586541?
False
Is 49815 a multiple of 41?
True
Is 311 a factor of 19404223?
True
Is 642 a factor of 1726980?
True
Is 70864 a multiple of 142?
False
Is 34705 a multiple of 55?
True
Is 23 a factor of 1149775?
False
Is 4424500 a multiple of 250?
True
Is 743184 a multiple of 52?
True
Is 439 a factor of 125630?
False
Is 2482223 a multiple of 10?
False
Is 6 a factor of 86990?
False
Does 14 divide 2598777?
False
Is 662 a factor of 8238038?
False
Is 1604212 a multiple of 29?
False
Is 72 a factor of 267624?
True
Is 98371 a multiple of 7?
True
Is 7322763 a multiple of 23?
True
Does 19 divide 18970756?
False
Is 4 a factor of 15300?
True
Does 23 divide 847067?
True
Does 90 divide 314297?
False
Is 1224416 a multiple of 8?
True
Is 179663 a multiple of 25?
False
Is 1201933 a multiple of 57?
False
Is 26 a factor of 75538?
False
Is 59 a factor of 99061?
True
Is 42 a factor of 3768455?
False
Is 82951 a multiple of 3?
False
Is 354637 a multiple of 141?
False
Is 246851 a multiple of 11?
True
Is 354 a factor of 362850?
True
Is 269 a factor of 3642590?
False
Is 20405967 a multiple of 17?
True
Is 61 a factor of 101992?
True
Is 1655749 a multiple of 8?
False
Is 82 a factor of 3046464?
True
Does 407 divide 2606835?
True
Is 829070 a multiple of 5?
True
Does 879 divide 5260369?
False
Does 137 divide 167140?
True
Does 92 divide 1639783?
False
Is 6524550 a multiple of 486?
True
Is 3878800 a multiple of 80?
True
Does 156 divide 9828?
True
Is 20322122 a multiple of 480?
False
Is 76 a factor of 266724?
False
Is 335 a factor of 2416355?
True
Does 556 divide 242972?
True
Does 7 divide 1068046?
True
Does 17 divide 6456974?
True
Is 1899343 a multiple of 118?
False
Is 192628 a multiple of 24?
False
Is 3 a factor of 81851?
False
Does 665 divide 3325665?
True
Is 299 a factor of 6699437?
False
Does 10 divide 38150?
True
Is 24 a factor of 96024?
True
Is 20 a factor of 89780?
True
Is 1418 a factor of 2492844?
True
Is 206298 a multiple of 314?
True
Does 7 divide 118715?
False
Does 485 divide 7147930?
True
Is 148 a factor of 181448?
True
Is 374 a factor of 350812?
True
Does 134 divide 1147100?
False
Does 48 divide 6154?
False
Is 50 a factor of 206900?
True
Does 4 divide 474344?
True
Does 60 divide 5251080?
True
Is 123 a factor of 160503?
False
Is 24257428 a multiple of 52?
True
Does 243 divide 854048?
False
Is 11450900 a multiple of 430?
True
Does 21 divide 536672?
False
Is 11392 a multiple of 7?
False
Is 410 a factor of 3790450?
True
Is 594228 a multiple of 12?
True
Is 14 a factor of 477643?
False
Is 25 a factor of 3390050?
True
Does 291 divide 1831987?
False
Is 36 a factor of 119916?
True
Is 24 a factor of 124608?
True
Does 53 divide 17465991?
True
Does 163 divide 251818?
False
Is 104006 a multiple of 38?
True
Is 60992 a multiple of 6?
False
Is 7326 a multiple of 6?
True
Is 1181022 a multiple of 8?
False
Does 33 divide 87813?
True
Is 221952 a multiple of 48?
True
Does 35 divide 31382?
False
Is 165 a factor of 13171455?
True
Is 49555 a multiple of 85?
True
Does 538 divide 161248?
False
Does 306 divide 145656?
True
Is 12678 a multiple of 3?
True
Is 2 a factor of 375982?
True
Is 216 a factor of 298160?
False
Is 39 a factor of 323426?
False
Is 1270142 a multiple of 122?
True
Is 39 a factor of 2739505?
False
Does 12 divide 5476?
False
Does 39 divide 253344?
True
Is 4908074 a multiple of 449?
False
Does 608 divide 1476441?
False
Is 2115 a factor of 11376585?
True
Is 13199324 a multiple of 958?
True
Does 474 divide 2674782?
True
Does 3 divide 14517?
True
Does 6 divide 15189444?
True
Is 67625 a multiple of 25?
True
Is 196568 a multiple of 104?
False
Is 66 a factor of 137412?
True
Does 229 divide 825087?
True
Is 16 a factor of 12984577?
False
Is 23972 a multiple of 52?
True
Is 58297 a multiple of 5?
False
Is 26 a factor of 2366161?
False
Is 116 a factor of 3157636?
True
Is 5907140 a multiple of 20?
True
Does 17 divide 239816?
False
Does 22 divide 311938?
True
Is 122 a factor of 148596?
True
Is 2615465 a multiple of 28?
False
Is 70 a factor of 3627330?
True
Is 106 a factor of 1301686?
False
Does 617 divide 15856934?
False
Does 733 divide 7982004?
False
Is 6 a factor of 10052?
False
Is 3640 a multiple of 40?
True
Is 156360 a multiple of 46?
False
Is 19 a factor of 2899891?
False
Does 147 divide 46746?
True
Is 12540 a multiple of 5?
True
Does 112 divide 2098992?
True
Is 362414 a multiple of 53?
True
Is 2573928 a multiple of 28?
True
Does 66 divide 167112?
True
Is 83 a factor of 4878491?
True
Does 8 divide 459259?
False
Is 2325235 a multiple of 318?
False
Is 1817040 a multiple of 788?
False
Does 35 divide 18036025?
True
Is 316575 a multiple of 603?
True
Does 5 divide 96468?
False
Is 40 a factor of 10898760?
True
Is 15636330 a multiple of 639?
True
Is 853376 a multiple of 452?
True
Is 1316176 a multiple of 3?
False
Is 238 a factor of 4181566?
False
Is 1078608 a multiple of 4?
True
Does 26 divide 2999172?
False
Is 474 a factor of 1603971?
False
Is 2280707 a multiple of 13?
True
Does 54 divide 27269460?
True
Is 3837400 a multiple of 25?
True
Does 52 divide 535756?
True
Does 25 divide 3382211?
False
Does 4 divide 110834?
False
Does 19 divide 1037514?
True
Is 86 a factor of 125207?
Fa